{"id":2514,"date":"2018-11-14T15:00:07","date_gmt":"2018-11-14T15:00:07","guid":{"rendered":"https:\/\/demo.marketpress.de\/?p=2514"},"modified":"2024-06-25T07:56:20","modified_gmt":"2024-06-25T07:56:20","slug":"impressum","status":"publish","type":"page","link":"https:\/\/aschekies.de\/?page_id=2514","title":{"rendered":"Impressum"},"content":{"rendered":"[et_pb_section fb_built=&#8220;1&#8243; admin_label=&#8220;section&#8220; _builder_version=&#8220;3.22&#8243;][et_pb_row admin_label=&#8220;row&#8220; _builder_version=&#8220;3.25&#8243; background_size=&#8220;initial&#8220; background_position=&#8220;top_left&#8220; background_repeat=&#8220;repeat&#8220;][et_pb_column type=&#8220;4_4&#8243; _builder_version=&#8220;3.25&#8243; custom_padding=&#8220;|||&#8220; custom_padding__hover=&#8220;|||&#8220;][et_pb_text admin_label=&#8220;Text&#8220; _builder_version=&#8220;4.9.4&#8243; background_size=&#8220;initial&#8220; background_position=&#8220;top_left&#8220; background_repeat=&#8220;repeat&#8220;]<p>Christian Aschekies<\/p>\n<p>-Gesch\u00e4ftsf\u00fchrer-<\/p>\n<p>Christian Aschekies<br \/>Hausmeisterservice<br \/>Am L\u00f6he 18<br \/>51503 R\u00f6srath<\/p>\n<p>&nbsp;<\/p>\n<p>Telefon\u00a0 02205-9194969<br \/>Telefax\u00a0 02205-9194965<br \/>e-mail\u00a0\u00a0\u00a0 <a href=\"mailto:info@aschekies.de\">info@aschekies.de<\/a><br \/>Internet <a href=\"http:\/\/aschekies.anhalt.gmbh\/\">www.aschekies.de<\/a><\/p>\n<p>&nbsp;<\/p>\n<p>Gesch\u00e4ftsf\u00fchrer: Christian Aschekies \u00b7 Sitz der Gesellschaft: R\u00f6srath \u00b7 Amtsgericht:\u00a0K\u00f6ln \u00b7<br \/>Steuer-Nr. 204\/5008\/3155<\/p>\n<p><\/p>\n<p><\/p>[\/et_pb_text][\/et_pb_column][\/et_pb_row][\/et_pb_section]","protected":false},"excerpt":{"rendered":"<p>[et_pb_section fb_built=&#8220;1&#8243; admin_label=&#8220;section&#8220; _builder_version=&#8220;3.22&#8243;][et_pb_row admin_label=&#8220;row&#8220; _builder_version=&#8220;3.25&#8243; background_size=&#8220;initial&#8220; background_position=&#8220;top_left&#8220; background_repeat=&#8220;repeat&#8220;][et_pb_column type=&#8220;4_4&#8243; _builder_version=&#8220;3.25&#8243; custom_padding=&#8220;|||&#8220; custom_padding__hover=&#8220;|||&#8220;][et_pb_text admin_label=&#8220;Text&#8220; _builder_version=&#8220;4.9.4&#8243; background_size=&#8220;initial&#8220; background_position=&#8220;top_left&#8220; background_repeat=&#8220;repeat&#8220;] Christian Aschekies -Gesch\u00e4ftsf\u00fchrer- Christian AschekiesHausmeisterserviceAm L\u00f6he 1851503 R\u00f6srath &nbsp; Telefon\u00a0 02205-9194969Telefax\u00a0 02205-9194965e-mail\u00a0\u00a0\u00a0 info@aschekies.deInternet www.aschekies.de &nbsp; Gesch\u00e4ftsf\u00fchrer: Christian Aschekies \u00b7 Sitz der Gesellschaft: R\u00f6srath \u00b7 Amtsgericht:\u00a0K\u00f6ln \u00b7Steuer-Nr. 204\/5008\/3155 [\/et_pb_text][\/et_pb_column][\/et_pb_row][\/et_pb_section]<\/p>\n","protected":false},"author":1,"featured_media":0,"parent":0,"menu_order":3,"comment_status":"closed","ping_status":"closed","template":"","meta":{"_et_pb_use_builder":"on","_et_pb_old_content":"<p>flexdrucker.de<br \/>Inhaber: Udo Mincke<br \/>51469 Bergisch Gladbach<\/p>\n<p>E-Mailadresse: service@aschekies.anhalt.gmbh<\/p>\n<p>Inhaltlich verantwortlich: Udo Mincke, Adresse wie oben<\/p>\n<p>Plattform der Europ\u00e4ischen Kommission zur Online-Streitbeilegung (OS) f\u00fcr Verbraucher: https:\/\/ec.europa.eu\/consumers\/odr\/. Wir sind nicht bereit und nicht verpflichtet an einem Streitbeilegungsverfahren vor einer Verbraucherschlichtungsstelle teilzunehmen.<\/p>\n\n<!-- wp:paragraph -->\n<p><\/p>\n<!-- \/wp:paragraph -->","_et_gb_content_width":"","footnotes":""},"class_list":["post-2514","page","type-page","status-publish","hentry"],"_links":{"self":[{"href":"https:\/\/aschekies.de\/index.php?rest_route=\/wp\/v2\/pages\/2514","targetHints":{"allow":["GET"]}}],"collection":[{"href":"https:\/\/aschekies.de\/index.php?rest_route=\/wp\/v2\/pages"}],"about":[{"href":"https:\/\/aschekies.de\/index.php?rest_route=\/wp\/v2\/types\/page"}],"author":[{"embeddable":true,"href":"https:\/\/aschekies.de\/index.php?rest_route=\/wp\/v2\/users\/1"}],"replies":[{"embeddable":true,"href":"https:\/\/aschekies.de\/index.php?rest_route=%2Fwp%2Fv2%2Fcomments&post=2514"}],"version-history":[{"count":9,"href":"https:\/\/aschekies.de\/index.php?rest_route=\/wp\/v2\/pages\/2514\/revisions"}],"predecessor-version":[{"id":3170,"href":"https:\/\/aschekies.de\/index.php?rest_route=\/wp\/v2\/pages\/2514\/revisions\/3170"}],"wp:attachment":[{"href":"https:\/\/aschekies.de\/index.php?rest_route=%2Fwp%2Fv2%2Fmedia&parent=2514"}],"curies":[{"name":"wp","href":"https:\/\/api.w.org\/{rel}","templated":true}]}}